{"id":4,"date":"2008-05-16T17:10:46","date_gmt":"2008-05-16T15:10:46","guid":{"rendered":"http:\/\/betschart-transporte.ch.adbw.net\/?page_id=4"},"modified":"2024-10-23T09:49:55","modified_gmt":"2024-10-23T07:49:55","slug":"dienstleistungen","status":"publish","type":"page","link":"https:\/\/www.betschart-transporte.ch\/index.php\/dienstleistungen\/","title":{"rendered":"Dienstleistungen"},"content":{"rendered":"<p><span class=\"foto\" style=\"margin-bottom: 80px;\"><img loading=\"lazy\" decoding=\"async\" class=\"alignleft size-full wp-image-49\" title=\"dienstleistungen\" src=\"http:\/\/www.betschart-transporte.ch\/wp-content\/uploads\/dienstleistungen.jpg\" alt=\"\" width=\"220\" height=\"200\" srcset=\"https:\/\/www.betschart-transporte.ch\/wp-content\/uploads\/dienstleistungen.jpg 220w, https:\/\/www.betschart-transporte.ch\/wp-content\/uploads\/dienstleistungen-150x136.jpg 150w\" sizes=\"auto, (max-width: 220px) 100vw, 220px\" \/><br \/>\n<\/span><\/p>\n<p>Auf den folgenden Seiten finden Sie Informationen und aktuelle Preise unserer Dienstleistungen.<\/p>\n<p>Das Leistungsangebot umfasst den Transport von Sand, Kies, Beton, Kalksandsteinen, Heiz\u00f6l und Diesel, Kippertransporte sowie einen prompten Muldenservice.<\/p>\n<p>Zu den vielseitigen Dienstleistungen geh\u00f6ren auch Aushub- und Abbrucharbeiten. Ferner werden Auftr\u00e4ge mit Siloki, Kranwagen oder dem grossen Autokran ausgef\u00fchrt.<\/p>\n","protected":false},"excerpt":{"rendered":"<p>Auf den folgenden Seiten finden Sie Informationen und aktuelle Preise unserer Dienstleistungen. Das Leistungsangebot umfasst den Transport von Sand, Kies, Beton, Kalksandsteinen, Heiz\u00f6l und Diesel, Kippertransporte sowie einen prompten Muldenservice. Zu den vielseitigen Dienstleistungen geh\u00f6ren auch Aushub- und Abbrucharbeiten. Ferner werden Auftr\u00e4ge mit Siloki, Kranwagen oder dem grossen Autokran ausgef\u00fchrt.<\/p>\n","protected":false},"author":4,"featured_media":0,"parent":0,"menu_order":2,"comment_status":"open","ping_status":"open","template":"","meta":{"ngg_post_thumbnail":0,"footnotes":""},"class_list":["post-4","page","type-page","status-publish","hentry"],"_links":{"self":[{"href":"https:\/\/www.betschart-transporte.ch\/index.php\/wp-json\/wp\/v2\/pages\/4","targetHints":{"allow":["GET"]}}],"collection":[{"href":"https:\/\/www.betschart-transporte.ch\/index.php\/wp-json\/wp\/v2\/pages"}],"about":[{"href":"https:\/\/www.betschart-transporte.ch\/index.php\/wp-json\/wp\/v2\/types\/page"}],"author":[{"embeddable":true,"href":"https:\/\/www.betschart-transporte.ch\/index.php\/wp-json\/wp\/v2\/users\/4"}],"replies":[{"embeddable":true,"href":"https:\/\/www.betschart-transporte.ch\/index.php\/wp-json\/wp\/v2\/comments?post=4"}],"version-history":[{"count":3,"href":"https:\/\/www.betschart-transporte.ch\/index.php\/wp-json\/wp\/v2\/pages\/4\/revisions"}],"predecessor-version":[{"id":1489,"href":"https:\/\/www.betschart-transporte.ch\/index.php\/wp-json\/wp\/v2\/pages\/4\/revisions\/1489"}],"wp:attachment":[{"href":"https:\/\/www.betschart-transporte.ch\/index.php\/wp-json\/wp\/v2\/media?parent=4"}],"curies":[{"name":"wp","href":"https:\/\/api.w.org\/{rel}","templated":true}]}}